{"id":390,"date":"2025-09-09T11:40:41","date_gmt":"2025-09-09T11:40:41","guid":{"rendered":"http:\/\/institutduseinajaccien.com\/index.php\/search-home-2\/"},"modified":"2025-09-09T11:40:41","modified_gmt":"2025-09-09T11:40:41","slug":"search-home-2","status":"publish","type":"page","link":"https:\/\/institutduseinajaccien.com\/index.php\/search-home-2\/","title":{"rendered":"Search Home"},"content":{"rendered":"\n<div class=\"directorist-search-contents directorist-contents-wrap\" data-atts=\"{&quot;show_title_subtitle&quot;:&quot;yes&quot;,&quot;search_bar_title&quot;:&quot;Recherche&quot;,&quot;search_bar_sub_title&quot;:&quot;Trouver le praticien que vous souhaitez&quot;,&quot;search_button&quot;:&quot;yes&quot;,&quot;search_button_text&quot;:&quot;Recherche&quot;,&quot;more_filters_button&quot;:&quot;&quot;,&quot;more_filters_text&quot;:&quot;More Filters&quot;,&quot;reset_filters_button&quot;:&quot;yes&quot;,&quot;apply_filters_button&quot;:&quot;yes&quot;,&quot;reset_filters_text&quot;:&quot;Reset Filters&quot;,&quot;apply_filters_text&quot;:&quot;Apply Filters&quot;,&quot;logged_in_user_only&quot;:&quot;&quot;,&quot;redirect_page_url&quot;:&quot;&quot;,&quot;more_filters_display&quot;:&quot;sliding&quot;,&quot;directory_type&quot;:&quot;&quot;,&quot;default_directory_type&quot;:&quot;&quot;,&quot;show_popular_category&quot;:&quot;&quot;,&quot;category_custom_fields_relations&quot;:[]}\">\n\n    <div class=\"directorist-container-fluid\">\n\n        \n        \n            <div class=\"directorist-search-top\">\n\n                                    <h2 class=\"directorist-search-top__title\">Recherche<\/h2>\n                \n                                    <p class=\"directorist-search-top__subtitle\">Trouver le praticien que vous souhaitez<\/p>\n                \n            <\/div>\n\n        \n        <form action=\"https:\/\/institutduseinajaccien.com\/index.php\/search-result-2\/\" class=\"directorist-search-form\" data-atts=\"{&quot;show_title_subtitle&quot;:&quot;yes&quot;,&quot;search_bar_title&quot;:&quot;Recherche&quot;,&quot;search_bar_sub_title&quot;:&quot;Trouver le praticien que vous souhaitez&quot;,&quot;search_button&quot;:&quot;yes&quot;,&quot;search_button_text&quot;:&quot;Recherche&quot;,&quot;more_filters_button&quot;:&quot;&quot;,&quot;more_filters_text&quot;:&quot;More Filters&quot;,&quot;reset_filters_button&quot;:&quot;yes&quot;,&quot;apply_filters_button&quot;:&quot;yes&quot;,&quot;reset_filters_text&quot;:&quot;Reset Filters&quot;,&quot;apply_filters_text&quot;:&quot;Apply Filters&quot;,&quot;logged_in_user_only&quot;:&quot;&quot;,&quot;redirect_page_url&quot;:&quot;&quot;,&quot;more_filters_display&quot;:&quot;sliding&quot;,&quot;directory_type&quot;:&quot;&quot;,&quot;default_directory_type&quot;:&quot;&quot;,&quot;show_popular_category&quot;:&quot;&quot;,&quot;category_custom_fields_relations&quot;:[]}\">\n\n            <div class=\"directorist-search-form-wrap directorist-search-form__wrap directorist-with-search-border\">\n\n                \n                <input type=\"hidden\" name=\"directory_type\" class=\"listing_type\" value=\"doctors\">\n\n                \n<div class=\"directorist-search-form__box\">\n\n    <div class=\"directorist-search-form-top directorist-flex directorist-align-center directorist-search-form-inline directorist-search-form__top directorist-search-modal directorist-search-modal--basic\">\n        \n<div class=\"directorist-search-modal__overlay\"><\/div>\n<div class=\"directorist-search-adv-filter directorist-advanced-filter directorist-search-modal__contents\">\n    <span class=\"directorist-search-modal__minimizer\"><\/span>\n    <div class=\"directorist-search-modal__contents__body\">\n\n        \n                            <div class=\"directorist-search-modal__input \">\n                    \n<div class=\"directorist-search-field directorist-form-group directorist-search-query \">\n\n            <label class=\"directorist-search-field__label\" for=\"listing_title\">Barre de Recherche<\/label>\n    \n    <input class=\"directorist-form-element directorist-search-field__input\" id=\"listing_title\" type=\"text\" name=\"q\" value=\"\" placeholder=\"Rechercher un praticien\" >\n\n    <div class=\"directorist-search-field__btn directorist-search-field__btn--clear\">\n        <i class=\"directorist-icon-mask\" aria-hidden=\"true\" style=\"--directorist-icon: url(https:\/\/institutduseinajaccien.com\/wp-content\/plugins\/directorist\/assets\/icons\/font-awesome\/svgs\/solid\/times-circle.svg)\"><\/i>    <\/div>\n\n<\/div>                <\/div>\n                            <div class=\"directorist-search-modal__input \">\n                    <div class=\"directorist-search-field directorist-form-group \">\n    <div class=\"directorist-select directorist-search-category directorist-search-field__input\">\n\n                    <label class=\"directorist-search-field__label\">Recherche par Sp\u00e9cialit\u00e9<\/label>\n        \n        <select name=\"in_cat\" class=\"search_fields bdas-category-search directorist-category-select\" data-placeholder=\"Sp\u00e9cialit\u00e9\"  data-isSearch=\"true\" data-selected-id=\"\" data-selected-label=\"\">\n            <option value=\"\">Select Category<\/option><option data-icon=\"\" data-custom-field=\"\" value=\"17\">Anatomopathologiste<\/option><option data-icon=\"\" data-custom-field=\"\" value=\"15\">Chirurgien esth\u00e9tique et r\u00e9paratrice<\/option><option data-icon=\"\" data-custom-field=\"\" value=\"12\">Chirurgien gyn\u00e9cologue<\/option><option data-icon=\"\" data-custom-field=\"\" value=\"25\">Coordinatrices de parcours<\/option><option data-icon=\"\" data-custom-field=\"\" value=\"19\">Gyn\u00e9cologue m\u00e9dical et obst\u00e9trique<\/option><option data-icon=\"\" data-custom-field=\"\" value=\"22\">Kin\u00e9sith\u00e9rapeute<\/option><option data-icon=\"\" data-custom-field=\"\" value=\"16\">M\u00e9decin<\/option><option data-icon=\"\" data-custom-field=\"\" value=\"20\">M\u00e9decin g\u00e9n\u00e9raliste<\/option><option data-icon=\"\" data-custom-field=\"\" value=\"23\">M\u00e9decin Nucl\u00e9aire<\/option><option data-icon=\"\" data-custom-field=\"\" value=\"24\">Oncologue<\/option><option data-icon=\"\" data-custom-field=\"\" value=\"21\">Radiologue<\/option><option data-icon=\"\" data-custom-field=\"\" value=\"18\">Radioth\u00e9rapeute<\/option>        <\/select>\n\n    <\/div>\n    <div class=\"directorist-search-field__btn directorist-search-field__btn--clear\">\n        <i class=\"directorist-icon-mask\" aria-hidden=\"true\" style=\"--directorist-icon: url(https:\/\/institutduseinajaccien.com\/wp-content\/plugins\/directorist\/assets\/icons\/font-awesome\/svgs\/solid\/times-circle.svg)\"><\/i> \n    <\/div>\n<\/div>                <\/div>\n                        \n        \n        <div class=\"directorist-search-form-action__modal\">\n            <button type=\"submit\" class=\"directorist-btn directorist-btn-light directorist-search-form-action__modal__btn-search\">\n\n                <i class=\"directorist-icon-mask\" aria-hidden=\"true\" style=\"--directorist-icon: url(https:\/\/institutduseinajaccien.com\/wp-content\/plugins\/directorist\/assets\/icons\/line-awesome\/svgs\/search-solid.svg)\"><\/i>\n                Recherche\n            <\/button>\n        <\/div>\n    <\/div>\n<\/div>    <\/div>\n    \n<div class=\"directorist-search-form-action\">\n\n    \n    \n        <div class=\"directorist-search-form-action__submit\">\n            <button type=\"submit\" class=\"directorist-btn directorist-btn-lg directorist-btn-primary directorist-btn-search\">\n\n                                    <i class=\"directorist-icon-mask\" aria-hidden=\"true\" style=\"--directorist-icon: url(https:\/\/institutduseinajaccien.com\/wp-content\/plugins\/directorist\/assets\/icons\/line-awesome\/svgs\/search-solid.svg)\"><\/i>                \n                Recherche\n            <\/button>\n        <\/div>\n\n    \n<\/div>\n<\/div>\n\n<div class=\"directorist-search-form-action__modal\">\n    <a href=\"#\" class=\"directorist-btn directorist-btn-light directorist-search-form-action__modal__btn-search directorist-modal-btn directorist-modal-btn--basic\">\n\n        <i class=\"directorist-icon-mask\" aria-hidden=\"true\" style=\"--directorist-icon: url(https:\/\/institutduseinajaccien.com\/wp-content\/plugins\/directorist\/assets\/icons\/line-awesome\/svgs\/search-solid.svg)\"><\/i>\n        Recherche\n    <\/a>\n\n    <\/div>\n\n<div class=\"directorist-search-modal directorist-search-modal--advanced\">\n    \n<div class=\"directorist-search-modal__overlay\"><\/div>\n<div class=\"directorist-search-adv-filter directorist-advanced-filter directorist-search-modal__contents\">\n    <div class=\"directorist-search-modal__contents__header\">\n        <h3 class=\"directorist-search-modal__contents__title\">More Filters<\/h3>\n        <button class=\"directorist-search-modal__contents__btn directorist-search-modal__contents__btn--close\"><i class=\"directorist-icon-mask\" aria-hidden=\"true\" style=\"--directorist-icon: url(https:\/\/institutduseinajaccien.com\/wp-content\/plugins\/directorist\/assets\/icons\/font-awesome\/svgs\/solid\/times.svg)\"><\/i><\/button>\n        <span class=\"directorist-search-modal__minimizer\"><\/span>\n    <\/div>\n    <div class=\"directorist-search-modal__contents__body\">\n            <\/div>\n    <div class=\"directorist-search-modal__contents__footer\">\n        \n<div class=\"directorist-advanced-filter__action directorist-flex directorist-align-center directorist-justify-content-between flex-wrap\">\n\n            <button type=\"submit\" class=\"directorist-btn directorist-btn-sm directorist-btn-submit\">Apply Filters<\/button>\n    \n            <button type=\"submit\" class=\"directorist-btn-reset-js\">Reset Filters<\/button>\n    \n<\/div>    <\/div>\n<\/div>\n<\/div>\n            <\/div>\n\n        <\/form>\n\n        \n        \n    <\/div>\n\n<\/div>\n","protected":false},"excerpt":{"rendered":"","protected":false},"author":1,"featured_media":0,"parent":0,"menu_order":0,"comment_status":"closed","ping_status":"closed","template":"","meta":{"footnotes":""},"class_list":["post-390","page","type-page","status-publish","hentry"],"_links":{"self":[{"href":"https:\/\/institutduseinajaccien.com\/index.php\/wp-json\/wp\/v2\/pages\/390","targetHints":{"allow":["GET"]}}],"collection":[{"href":"https:\/\/institutduseinajaccien.com\/index.php\/wp-json\/wp\/v2\/pages"}],"about":[{"href":"https:\/\/institutduseinajaccien.com\/index.php\/wp-json\/wp\/v2\/types\/page"}],"author":[{"embeddable":true,"href":"https:\/\/institutduseinajaccien.com\/index.php\/wp-json\/wp\/v2\/users\/1"}],"replies":[{"embeddable":true,"href":"https:\/\/institutduseinajaccien.com\/index.php\/wp-json\/wp\/v2\/comments?post=390"}],"version-history":[{"count":0,"href":"https:\/\/institutduseinajaccien.com\/index.php\/wp-json\/wp\/v2\/pages\/390\/revisions"}],"wp:attachment":[{"href":"https:\/\/institutduseinajaccien.com\/index.php\/wp-json\/wp\/v2\/media?parent=390"}],"curies":[{"name":"wp","href":"https:\/\/api.w.org\/{rel}","templated":true}]}}